of s and t.
40
Suppose -63*x + 68*x - 120 = 0. Calculate the highest common factor of x and 204.
12
Suppose 4*j + 204 = 4*q + 6*j, -5*q + 255 = -4*j. What is the greatest common divisor of q and 170?
17
Let z(t) = 94*t - 8. Let l be z(4). Calculate the greatest common divisor of l and 16.
16
Let c(b) = 4*b**3 - 9*b**2 + 9*b - 6. Let k be c(3). What is the greatest common divisor of 84 and k?
12
Suppose -s = -4*n - 55 - 27, 5*n + 211 = 3*s. Let v = 38 + 32. Suppose -f = -v - s. Calculate the greatest common factor of 12 and f.
12
Let m(p) = -p + 17. Let f be m(-14). Suppose 8*i - 239 + f = 0. Calculate the greatest common factor of i and 26.
26
Suppose -3*j = -0*j - 3174. What is the highest common divisor of j and 46?
46
Suppose 0 = 3*n + 2 + 1. Let x be (5*1)/(n/(-26)). Suppose 12 = -q - d + 64, 0 = -3*d. Calculate the greatest common divisor of q and x.
26
Let v(x) = -2*x**3 - 8*x**2 - 3*x + 3. Let l be v(-6). Suppose r - l = -4*r. Calculate the greatest common divisor of r and 231.
33
Let o = -28 - -40. Let d be (13 + -5 + -5)/1. Calculate the highest common factor of o and d.
3
Let y(q) = q**3 - 6*q**2 + 6*q + 3. Let m be y(6). Calculate the highest common divisor of 273 and m.
39
Let o be (-32)/(-20) - (-3)/((-60)/(-8)). Suppose 4*f - 3*b - o = 5*f, -5*f = 2*b - 42. What is the greatest common factor of 5 and f?
5
Suppose -33 = -5*a - 3. Suppose -a - 2 = -h. Calculate the highest common factor of h and 72.
8
Let y be -8 + 27 + (1 - -1). Let q = y - 29. Let a = 12 + q. What is the highest common divisor of a and 20?
4
Suppose -3*n = -6*r + 5*r + 73, 71 = -3*n - r. Let k be (n/(-15))/((-2)/(-100)). Calculate the greatest common divisor of 32 and k.
16
Let c be 176/18 + 26/117. Suppose -4 = -m - j, -4*m + 0*m = 2*j - c. What is the greatest common divisor of m and 11?
1
Let z(i) = i**3 - 14*i**2 + 35*i + 24. Let f be z(11). What is the greatest common divisor of f and 368?
46
Let d be 2 + 4/(-4) + 6. Suppose -91 + d = -4*i. Calculate the highest common factor of i and 42.
21
Suppose 4*r = -5 + 17. Let h be -2 - r*(-2 + -2). What is the highest common divisor of 70 and h?
10
Let v be (9/27)/(2 - 53/27). Let a be -5*3*(-4)/30. Suppose 0 = g - 3*w - 3, -3*g + a*w + 6 = -g. What is the highest common divisor of g and v?
3
Let g(u) = 10*u**2 + 17*u - 160. Let y be g(13). Calculate the greatest common factor of 103 and y.
103
Let i = -170 - -246. Let f be 2/(-4)*0 - -19. What is the greatest common divisor of i and f?
19
Let n(u) = 10*u - 35. Let d be n(5). Let h be (-2)/((d/(-70))/3). Suppose -3*b + 4*b = 308. What is the highest common divisor of h and b?
28
Let p(r) = -9*r + 1. Suppose 0 = f - 2. Suppose 0 = 5*i + 5*v - 3 - 17, 0 = f*i - v + 7. Let b be p(i). What is the highest common divisor of 5 and b?
5
Let t(q) = q**2 + 3*q - 6. Suppose -8*r + 3*r = 30. Let g be t(r). Calculate the greatest common divisor of g and 30.
6
Let k(h) = h**3 + h - 4. Let m be 4*1 + (1 - 2). Let l be k(m). Let p = 5085 - 5059. Calculate the highest common divisor of l and p.
26
Let u(y) = 34*y**3 - y**2 - 2*y + 2. Let j be u(1). Calculate the greatest common divisor of 176 and j.
11
Let x be 36/180 - 79/(-5). What is the highest common factor of 52 and x?
4
Let y(r) = -r**3 - 6*r**2 - 5*r - 10. Let g be y(-6). Let u = 134 + -54. Calculate the highest common factor of u and g.
20
Let i(x) = -x**3 - 19*x**2 - 36*x + 32. Let r be i(-17). What is the highest common factor of 18 and r?
6
Let b(q) = q**3 - 19*q**2 - 60*q - 39. Let p be b(22). What is the greatest common factor of 155 and p?
31
Let r = -27 - -29. Suppose -5*f + 4 = 2*y, 6*y = r*y - 12. What is the greatest common factor of f and 1?
1
Let m be ((-12)/10)/(-2)*15. Suppose 4*t + b + 31 = 0, 0 = -2*b + 2 - 0. Let w(n) = n**2 + n + 16. Let l be w(t). What is the highest common factor of m and l?
9
Suppose -23*f + 33*f = 4650. What is the greatest common factor of 20 and f?
5
Let a be (-4)/(-18) + (-75)/(-27). Let u be a/(-4) - 7/(-4). Suppose -2 - u = -y. What is the greatest common factor of y and 12?
3
Let p be -38*(-1 - (-4)/2). Let d = p - -56. Let z be (-4)/6 + (-164)/(-3). Calculate the highest common divisor of z and d.
18
Let n = 9 - -3. Suppose -3*j - n = 3, 0 = -2*p - 3*j - 21. Let m be p/9 - (-400)/12. What is the greatest common divisor of m and 11?
11
Let q = -12 + 20. Suppose -9*l = -q*l - 19. What is the highest common divisor of 19 and l?
19
Let z be -78*((-4)/6)/((-34)/(-51)). What is the highest common divisor of z and 117?
39
Suppose -m - c = 31, 2*m + 2*m + 2*c = -134. Let n be (-8)/m + 88/9. Calculate the greatest common factor of n and 25.
5
Let j(x) = -x**2 - 16*x + 27. Let s be j(-16). Suppose 2*y = s + 13. Calculate the greatest common divisor of 20 and y.
20
Let p = -115 + 113. Let t be 772/8 - ((-9)/p + -4). Calculate the highest common divisor of t and 36.
12
Suppose -2308 - 6932 = -28*q. Calculate the greatest common factor of q and 60.
30
Let m = 15 - 16. Let y = m - -1. Suppose 6*c - 78 = -y*c. What is the highest common divisor of c and 104?
13
Suppose -107 = -5*q + 3*v, -2*q - v + 30 = -4. What is the highest common factor of q and 171?
19
Suppose 11*u = 5*u + 234. Suppose -3*s + 133 = -y + u, -140 = -4*s + 5*y. What is the greatest common divisor of 24 and s?
6
Let f = 24 + -16. Suppose -f*t + 115 = -1541. Calculate the greatest common divisor of t and 23.
23
Suppose -93 = 7*y - 163. What is the highest common divisor of 90 and y?
10
Suppose -3*b - 3*r + 5*r = -6, 5*b - 10 = 5*r. Suppose -w + 3*w = b. Let q(i) = 122*i**2 - 1. Let y be q(w). Calculate the greatest common divisor of y and 11.
11
Let c be (-6 - -7) + -3 + -1. Let d be (39 - (1 - -2)) + c. Calculate the greatest common factor of d and 165.
33
Let r be ((-616)/(-42) - 14)*105/1. Calculate the highest common divisor of r and 10.
10
Suppose -17*n + 13*n + 1292 = 0. Let t be (n/102)/(1/6). What is the highest common divisor of t and 1?
1
Suppose -5*b - 4 = -3*b. Let o be b*-6*2/8. Let i be 9 - 12 - -17*o. What is the greatest common divisor of i and 6?
6
Suppose -167 = -h + 2*s, 0*h = 2*h + 5*s - 325. Let u be (-266)/(-18) + (-4)/(-18). Calculate the greatest common factor of u and h.
15
Let q = 796 + -576. Suppose 22 = 3*n - 38. What is the highest common divisor of q and n?
20
Let a be ((-117)/6)/((-1)/2). Suppose 4*t - 3*t - 1 = 0, -3*i + 814 = -5*t. What is the highest common divisor of i and a?
39
Suppose -164*f + 2552 = -1548. Suppose -3*y = -2*u - 142, 0*u - u = -y + 46. Suppose 0*h - y = -5*h. Calculate the greatest common divisor of f and h.
5
Let x = -416 + 419. What is the greatest common divisor of 183 and x?
3
Let z = 1296 + -854. Calculate the greatest common factor of 39 and z.
13
Let f = -9 - -12. Suppose -1 = f*x - 4*w + 10, -2*x - 4*w + 26 = 0. Suppose -x*g = 2*g - 185. Calculate the greatest common factor of g and 370.
37
Let p(x) = -x**3 - x**2 - 2*x + 550. Let d be p(0). What is the highest common factor of d and 50?
50
Suppose 24 = 7*c - 4. Suppose -16 = -c*f, 0 = o - 5*f - 3 - 9. What is the greatest common divisor of o and 16?
16
Suppose 33*c - 37*c + 144 = 0. What is the greatest common divisor of 51 and c?
3
Let l be 0/(-2) - (-4)/2. Suppose -j - 3 = 0, 0*c - j + 13 = l*c. Let w = -870 - -926. Calculate the greatest common divisor of w and c.
8
Let t(b) = 4*b. Let c be t(6). Let q = -17 + c. Suppose -u + q - 4 = 0. Calculate the greatest common factor of u and 9.
3
Let q = 81 + -8. Suppose 14*v - 85 = 9*v. Suppose -v = -5*x + q. Calculate the greatest common factor of x and 180.
18
Suppose 2*n + 5*g = -0*n + 54, 5*g - 27 = -n. Let x = -264 - -561. What is the greatest common divisor of x and n?
27
Let g = -15 + -45. Let o(c) = -38*c**2 + 3*c - 1. Let j be o(2). Let z = g - j. Calculate the highest common divisor of z and 29.
29
Let s be (0 - (-1 + 2)) + 3. Let p be s/7 - (-1668)/42. Let d = p + 48. Calculate the greatest common factor of 11 and d.
11
Suppose 0*x - 48 = -4*x. Let z be x + (2 - (-4 - -10)). Calculate the greatest common divisor of z and 40.
8
Let g = -352 - -528. Let r be 1 + 6 + -2 + 1. Suppose -5*q - r = -86. What is the highest common factor of q and g?
16
Let o(j) = j**2 - 9*j - 60. Let a be o(-7). Calculate the greatest common divisor of 52 and a.
52
Suppose 3*g = 3